(o) = 7*o**2 + 2*o - 1. Let b be k(n). What is the greatest common factor of 14 and b?
14
Suppose -f - 4*f + 1480 = 0. Calculate the highest common divisor of 37 and f.
37
Let q = -10 - -15. Suppose 19 + 41 = q*n + 2*b, -4*b = 2*n - 40. What is the highest common divisor of 80 and n?
10
Let l = 54 + -24. Suppose 5*n = 2*c + 16, 3*n - 3*c - 7 = -1. Let u be n/(-10) + (-306)/(-15). Calculate the greatest common factor of l and u.
10
Let i be (-6)/2 - (-266 - 3). Suppose 2*s = z + z + i, 0 = 2*s + 3*z - 266. Calculate the highest common factor of s and 19.
19
Suppose -5*c + 2420 = 3*f, -81 = -c + 5*f + 431. Suppose 3*t = 5*q - 466, 5*q - c = -4*t - 0*t. Calculate the greatest common factor of 38 and q.
19
Let j be 7*-1 + (-6)/(-2). Let l = j - -12. What is the greatest common factor of 32 and l?
8
Suppose 9 = -2*j + 185. Calculate the highest common factor of 8 and j.
8
Suppose -v + 3*v = 60. Calculate the highest common divisor of 210 and v.
30
Let x be 0/(0 + 2) + 8. Suppose -o = -5*o - 20. Let u be 22 + (-5)/(o/(-2)). What is the highest common factor of x and u?
4
Let a = -3 - -37. Suppose 127 = 5*m + 2*r + 36, -46 = -2*m - 4*r. What is the highest common factor of a and m?
17
Let o be 11/(1 - (0 + 0)). Let f be (o/(-2))/(1/(-2)). Let l be ((-11)/3)/((-1)/12). Calculate the highest common factor of l and f.
11
Let d(c) = 2*c + 57. Let f be d(-16). Calculate the highest common divisor of f and 75.
25
Let v(w) = 3*w + 33. Let u be v(-8). Let y be 72 + 2 + 0 - 2. What is the highest common factor of y and u?
9
Let b(p) = -9*p - 41. Let f be b(-6). What is the greatest common divisor of 117 and f?
13
Let d be (180/(-8))/(1/(-6)). Calculate the highest common divisor of 15 and d.
15
Suppose -4*l = -14 - 42. Calculate the greatest common divisor of 98 and l.
14
Let m be ((-6)/(-4))/(15/90). Calculate the highest common factor of 99 and m.
9
Suppose 0 = -3*k + 4*g + 54, -9*k = -10*k - 5*g - 1. Calculate the highest common divisor of 35 and k.
7
Suppose -12*t = t - 1768. What is the greatest common factor of t and 8?
8
Let z = -11 - -1. Let f(a) = a**2 + 6*a + 13. Let m be f(z). Suppose 4*y - x - m = -y, 4*y - 37 = -x. What is the greatest common divisor of 5 and y?
5
Let u(j) = -4*j**2 + 11*j - 5. Let q be u(7). Let n be (-2)/(-4) - q/8. Calculate the highest common divisor of 8 and n.
8
Let f be (-10 - -10)/(0 + 1). Let m = 3 - f. What is the highest common factor of m and 33?
3
Let k = 75 - 19. Let h = -23 + k. What is the highest common factor of 3 and h?
3
Let q(m) = -10*m + 10. Suppose 3*d + 7 = 2*d. Let g be q(d). Calculate the highest common divisor of 10 and g.
10
Suppose -4*s + 376 = -0*s. Let m = -10 + s. Suppose -4*j - 3*z + 61 = 0, m = 5*j - 0*z - 4*z. Calculate the greatest common divisor of 112 and j.
16
Suppose -b = 2*b. Suppose 5*u + 10 = -2*c - 5, 3*c - 3*u - 30 = b. Suppose 1 = -3*h - 5, -q = 2*h - 41. What is the greatest common divisor of q and c?
5
Let u be (-260)/(-16) + (-1)/4. Suppose 0 = -2*m + p + u, -4*m + 24 = -5*p + 4. Calculate the highest common factor of m and 40.
10
Let b be ((-5)/(-25))/((-4)/(-60)). What is the highest common factor of 3 and b?
3
Suppose -2*l - l = -36. Suppose 5*d - 7*w - 10 = -2*w, -4*d = -3*w - l. Calculate the greatest common factor of 24 and d.
6
Let h(m) = -31*m + 4. Let f be h(-1). Calculate the greatest common divisor of 7 and f.
7
Suppose 4*n = 5*b - 17 - 19, -41 = -5*b - n. Suppose g - b - 125 = 0. What is the highest common divisor of 19 and g?
19
Let n = -11 + 24. Suppose -394 - 22 = -4*f. Calculate the greatest common divisor of n and f.
13
Let x(y) be the third derivative of y**6/120 - y**5/20 - y**4/24 - y**3/2 + 5*y**2. Let h be x(4). What is the greatest common divisor of h and 63?
9
Suppose -2*v - 4 = -12. Suppose 16 = 61*s - 59*s. What is the greatest common factor of s and v?
4
Suppose 2 - 3 = -n. Let q = 27 + -26. Let o be (-2 - q) + 55/n. Calculate the greatest common factor of 130 and o.
26
Let b(d) = 80*d**2 + 2*d. Let f be b(2). What is the highest common divisor of 36 and f?
36
Let o = -117 + 174. Suppose 292 - 112 = 4*n. Let s = n - 26. What is the greatest common divisor of s and o?
19
Let w be (-4)/4*-3 + -4. Let d be (15/(-6))/((-1)/(-2)). Let f = w - d. Calculate the greatest common factor of 8 and f.
4
Suppose 53 + 7 = 2*t. What is the highest common divisor of 20 and t?
10
Let f(y) be the first derivative of -3*y**2/2 + y - 1. Let w be f(-4). Calculate the highest common divisor of w and 65.
13
Let w(s) = s**2 - 8*s - 3. Let p be w(8). Let i be 4 + (3*-1)/p. Suppose -4*d = -x + 143, 0*x + 671 = i*x + 2*d. What is the highest common divisor of x and 15?
15
Let u(r) = -11*r + 5. Let l be u(-10). What is the greatest common factor of l and 46?
23
Let u = -104 + 112. What is the greatest common factor of 56 and u?
8
Suppose 4*f - 5 = 19. Calculate the greatest common factor of 18 and f.
6
Let u(o) = -104*o + 39. Let k(t) = 13*t - 5. Let c(q) = -39*k(q) - 5*u(q). Let a be c(1). Calculate the greatest common divisor of a and 91.
13
Suppose 5*p - 51 = 2*c, 5*p - 52 + 19 = -4*c. What is the greatest common factor of 117 and p?
9
Let v = 68 + -66. What is the highest common divisor of 5 and v?
1
Let t = 16 + -8. Calculate the highest common factor of t and 56.
8
Let t = -25 + 85. What is the highest common divisor of t and 12?
12
Let y(w) = -2*w**2 + w**2 + 16*w + 0*w**2 - 18. Let n be y(13). What is the highest common divisor of 84 and n?
21
Let q(n) = n**2. Let p be q(-2). Suppose -p*g + 4*d + 48 = 0, -5*g + 2*g = -2*d - 33. What is the greatest common divisor of 81 and g?
9
Suppose -o - 48 = -4*j + 24, 2*o = -2*j + 36. Suppose 0 = 3*q + 44 - 62. What is the greatest common divisor of j and q?
6
Let a = 29 + -23. What is the highest common factor of a and 12?
6
Let h be (2/(-4))/1*-4. Let z be (2/(-2))/(5/(-90)). What is the highest common factor of z and h?
2
Let n = -29 + 89. Let f be (-3 + 0)/(2/(-16)). Calculate the highest common factor of f and n.
12
Let l = -4 - -9. Let f(m) = -3*m - 1. Let z be f(-1). Calculate the greatest common factor of z and l.
1
Suppose -i + 4 = -0. Calculate the greatest common factor of i and 4.
4
Suppose 2*y + 3*a = -3*y + 71, 31 = y - 5*a. What is the highest common divisor of y and 16?
16
Suppose 0*y - 795 = 5*y. Suppose 146 = 2*x - 348. Let o = x + y. Calculate the highest common factor of 11 and o.
11
Suppose -4*w + 22 = -122. What is the greatest common divisor of 12 and w?
12
Suppose -4*w - 8 = -56. Let q(v) = 2*v + 58. Let x be q(0). Suppose -2*d + x = 4*a, -2*a - d = 3*a - 65. Calculate the greatest common factor of a and w.
12
Let j = -1 - -15. What is the greatest common divisor of 7 and j?
7
Let t = 27 - 17. Let x(k) = k - 4. Let y be x(t). Suppose 0 = -0*w - 3*w + 5*d + 22, 4*d = 4. What is the highest common divisor of y and w?
3
Suppose 0 = c - 7*s + 4*s - 24, -83 = -3*c - 2*s. What is the greatest common factor of c and 3?
3
Let k(p) = 3*p**3 - 5*p**2 + 4*p + 4. Let s be k(2). What is the greatest common factor of 192 and s?
16
Let o be 1086/14 - 16/28. Calculate the greatest common divisor of 11 and o.
11
Let c = -23 + 27. What is the highest common factor of 1 and c?
1
Let c be ((-32)/12 + 0)*-3. Calculate the highest common divisor of c and 24.
8
Let z(n) = n**2 - 3*n - 21. Let v be z(9). Calculate the greatest common factor of v and 3.
3
Suppose 0 = -0*l + 4*l - 8. Suppose -3*i = 3, l = -y - 2*i + 3. Suppose -t = y*t - 8. What is the highest common divisor of 5 and t?
1
Suppose -27 - 99 = -7*m. Let x be -2*(m/(-4) - 2). Calculate the highest common divisor of 117 and x.
13
Let r = 336 + -142. Suppose 81 = -3*f - 4*k + 361, 2*f - r = k. What is the highest common factor of f and 12?
12
Let m be 2*1 - (8 + -12). Suppose -2 = -u - 0. Calculate the greatest common factor of m and u.
2
Let p be (-2)/9 + (-550)/(-45). Let u(i) = i - 6. Let c be u(5). Let q be ((-2)/c + -11)*-4. Calculate the greatest common divisor of p and q.
12
Let m = 30 + -27. Calculate the highest common divisor of 1 and m.
1
Let k be (-6)/2*(-8)/6. Let j = -53 - -93. Let v = j - 28. What is the greatest common factor of v and k?
4
Let c(v) = -v**3 + 19*v**2 + 3*v - 41. Let y be c(19). Let z = 14 + 34. What is the highest common factor of z and y?
16